*2 - 21*j + 182. Determine m(6).
-556
Let i(q) = -857*q + 5148. What is i(6)?
6
Let l(p) = 24*p + 381. What is l(-14)?
45
Let x(t) = -2*t**3 - 15*t**2 + 112*t + 31. Give x(-12).
-17
Let s(o) = -14*o**3 - 73*o**2 - 12*o + 6. Determine s(-5).
-9
Let j(o) = -2*o**3 + 83*o**2 + 39*o + 143. Give j(42).
17
Let h(t) = -3*t**3 + 1748*t**2 - 2907*t + 1161. Determine h(581).
-1
Let n(p) = -4*p**2 + 80*p - 146. What is n(2)?
-2
Let a(n) = -11*n + 589. Give a(53).
6
Let p(k) = k**2 - 43*k + 550. Give p(44).
594
Let p(b) = 1586*b - 30134. Determine p(19).
0
Let p(f) = -29*f**3 - 16*f**2 + 2*f - 1. What is p(-2)?
163
Let o(n) = 32*n + 1447. Give o(-41).
135
Let p(l) = 3*l**2 - 11*l - 32. Give p(6).
10
Let v(k) = 2*k**2 + 121*k + 9. Determine v(0).
9
Let z(v) = -v**3 + 7*v**2 + 66*v - 364. Give z(10).
-4
Let u(g) = -485*g - 2859. Give u(-6).
51
Let s(w) = 2*w**3 + 46*w**2 - 31*w - 45. Determine s(-24).
-453
Let n(x) = 22*x**2 - 444*x + 38. Calculate n(20).
-42
Let d(s) = -s**2 + 26*s - 356. Calculate d(8).
-212
Let j(n) = -156*n**3 + n**2 - 2*n - 1. Calculate j(-1).
158
Let g(q) = 77*q**2 + 95*q - 8. Determine g(-4).
844
Let k(t) = 248*t - 10410. Determine k(42).
6
Let r(b) = -8*b**2 - 407*b - 119. Calculate r(-51).
-170
Let m(q) = 188*q + 7521. Give m(-40).
1
Let v(f) = f**3 + f**2 + 297*f + 295. Determine v(-1).
-2
Let l(r) = -r**3 - 26*r**2 + 177*r - 498. Give l(-32).
-18
Let j(a) = 9*a**2 - 11*a + 24. Give j(7).
388
Let d(p) = -19*p - 213. Determine d(-24).
243
Let b(y) = 2*y**2 - 24*y - 46. Calculate b(14).
10
Let p(y) = 2*y**3 - 51*y**2 - 4*y - 1. Give p(0).
-1
Let i(a) = -511*a + 7192. Determine i(14).
38
Let n(x) = x**3 - 5*x**2 - 56*x + 293. Determine n(6).
-7
Let d(u) = 2*u**2 - 27*u - 2052. Determine d(-26).
2
Let g(k) = 67*k - 4. Calculate g(-3).
-205
Let i(h) = -2*h**3 - 5*h**2 - 60*h - 273. Calculate i(-5).
152
Let j(l) = -5*l**2 + 88*l + 36. What is j(18)?
0
Let o(d) = -d**3 - 25*d**2 + 25*d + 65. Give o(-26).
91
Let j(k) = -k**2 + 241*k - 11647. What is j(67)?
11
Let l(h) = -3*h**3 - 124*h**2 - 167*h - 237. Calculate l(-40).
43
Let z(c) = 581*c + 144080. Determine z(-248).
-8
Let d(x) = x**2 - 17*x - 1. Give d(8).
-73
Let m(n) = -n**2 - 11*n - 66. Give m(-10).
-56
Let l(o) = -64*o**3 + 5*o**2 - 2*o - 2. Give l(-1).
69
Let u(c) = 10*c**3 - 22*c**2 - 19*c + 3. Give u(-1).
-10
Let o(d) = d**2 - 12*d - 1142. Calculate o(-28).
-22
Let v(j) = 77*j + 481. What is v(-6)?
19
Let h(b) = 28*b + 2151. What is h(-75)?
51
Let k(c) = -11*c**3 - 4*c**2 + 15*c + 18. What is k(-1)?
10
Let z(f) = -139*f + 2357. Give z(17).
-6
Let v(t) = t**3 + 17*t**2 + 68*t - 20. Determine v(-8).
12
Let r(q) = 3*q**2 - 35*q - 288. What is r(-9)?
270
Let u(h) = h**2 - 781*h - 29417. What is u(-36)?
-5
Let o(i) = -i**3 - 13*i**2 + 25*i + 253. Give o(-11).
-264
Let f(m) = 5*m**2 - 15*m + 3. What is f(-3)?
93
Let t(c) = -15*c + 96. Calculate t(-10).
246
Let m(u) = -5*u**3 + 97*u**2 + 50*u - 6. Calculate m(20).
-206
Let i(t) = -68*t - 1929. What is i(-28)?
-25
Let k(j) = j**3 - 17*j**2 - 140*j + 2362. What is k(17)?
-18
Let q(b) = b**3 - 9*b**2 - 17*b + 65. What is q(5)?
-120
Let m(x) = 2*x**3 - 11*x**2 + 1771*x - 8824. Determine m(5).
6
Let z(x) = -x**3 - 4*x**2 + 22*x + 57. What is z(-6)?
-3
Let o(b) = 105*b - 118. What is o(2)?
92
Let k(m) = -2*m**3 - 323*m**2 - 4526*m - 1. Determine k(-146).
-1
Let i(t) = 3*t**2 - 95*t - 131. What is i(33)?
1
Let m(i) = -7*i**3 - 217*i**2 - 37*i - 1120. What is m(-31)?
27
Let h(a) = 101*a - 450. Calculate h(2).
-248
Let s(t) = -t**3 + 70*t**2 + 2024*t - 107. What is s(92)?
-107
Let o(f) = -f**3 + 22*f**2 - 22*f + 27. Calculate o(21).
6
Let h(u) = 42*u + 1366. Determine h(-30).
106
Let a(s) = -18*s**2 + 359*s + 1741. Calculate a(24).
-11
Let c(h) = -3*h**2 - 29*h + 256. Give c(6).
-26
Let c(y) = -81*y**2 - 467*y - 669. Calculate c(-3).
3
Let r(v) = v**3 - 7*v**2 - 38*v - 49. What is r(11)?
17
Let h(p) = -p**3 + 15*p**2 + 181*p + 65. What is h(23)?
-4
Let y(k) = 147*k + 2125. Calculate y(-15).
-80
Let h(u) = -3*u**2 + 71*u + 686. What is h(31)?
4
Let r(w) = -490*w - 2446. Give r(-5).
4
Let x(z) = 7*z - 331. Calculate x(50).
19
Let r(o) = -o**3 - 9*o**2 + 11*o - 16. Determine r(-8).
-168
Let z(l) = l**2 - 11*l - 23. Calculate z(12).
-11
Let s(y) = -2*y**2 + 11*y + 12. Determine s(-1).
-1
Let a(i) = -i**3 - 90*i**2 - 52*i + 3284. Determine a(-89).
-9
Let r(p) = 2*p**2 - 44*p + 138. Calculate r(18).
-6
Let i(c) = -14*c - 247. Give i(-21).
47
Let w(g) = 18*g**3 - 4*g**2 + 4*g - 1. Calculate w(1).
17
Let p(y) = 79*y + 3278. What is p(-41)?
39
Let m(i) = -209*i + 1904. Calculate m(9).
23
Let c(x) = 4*x**3 + 63*x**2 - 19*x + 7. Determine c(-16).
55
Let d(l) = -588*l**2 + 2959*l - 3. Give d(5).
92
Let w(t) = -3*t. Calculate w(-31).
93
Let w(l) = 22*l**2 + 331*l + 24. What is w(-15)?
9
Let n(i) = -560*i + 4779. Give n(8).
299
Let c(p) = -6*p**2 + p + 2. Determine c(0).
2
Let p(n) = -21*n**3 + 9*n**2 - 11*n + 26. What is p(2)?
-128
Let u(j) = -39*j**2 - 7*j + 2. Give u(-1).
-30
Let u(o) = o**2 + 3272*o - 39403. What is u(12)?
5
Let g(k) = 39*k + 1475. Give g(-40).
-85
Let q(l) = l**2 + 53*l - 1042. Calculate q(18).
236
Let r(g) = 119*g**2 + 3*g + 1. What is r(-1)?
117
Let x(u) = u + 225. Determine x(11).
236
Let w(q) = q**2 - 244*q + 8952. Calculate w(199).
-3
Let v(w) = -w**3 + 12*w**2 - 63*w + 502. Calculate v(9).
178
Let b(n) = -7*n**3 + 20*n**2 + 48*n + 4. Give b(-3).
229
Let c(q) = -96*q - 288. What is c(-3)?
0
Let l(w) = 20*w**2 + 4463*w + 658. What is l(-223)?
-11
Let s(t) = -t**3 - 5*t**2 + 47*t + 23. Determine s(5).
8
Let x(a) = -3*a**2 - 142*a + 342. Calculate x(-50).
-58
Let a(l) = 61*l + 245. Determine a(-5).
-60
Let b(k) = -4*k**3 + 81*k**2 - 93*k - 64. Calculate b(19).
-26
Let q(i) = 33*i + 1878. What is q(-58)?
-36
Let d(g) = -7*g + 222. Calculate d(33).
-9
Let a(y) = -3*y**3 + 129*y**2 + 144*y - 524. Determine a(44).
4
Let s(x) = -50*x**2 - 348*x + 695. Calculate s(2).
-201
Let j(b) = b**2 + 19*b - 513. What is j(-37)?
153
Let t(o) = -27*o + 1460. Calculate t(54).
2
Let j(v) = -19*v + 991. Calculate j(79).
-510
Let g(y) = -y**2 - 21*y - 22. Give g(-28).
-218
Let m(x) = -68*x**2 + 328*x + 5. Determine m(5).
-55
Let g(l) = 4*l**2 + 12*l + 19. What is g(-2)?
11
Let c(s) = 1891*s - 9493. Calculate c(5).
-38
Let b(a) = 22*a - 3. What is b(4)?
85
Let m(g) = 74*g + 1298. Give m(-13).
336
Let u(l) = -8*l + 29. Determine u(-6).
77
Let u(f) = -f**2 + 91*f - 1514. What is u(71)?
-94
Let l(n) = -2*n**3 - 6*n**2 + 22*n - 35. Give l(2).
-31
Let d(z) = z**3 + 70*z**2 - 220*z + 86. Give d(-73).
159
Let o(l) = -12*l - 29. What is o(-3)?
7
Let r(x) = -2*x**2 + 141*x - 340. Determine r(68).
0
Let k(q) = 397*q + 8433. Give k(-21).
96
Let c(r) = r**3 - 53*r**2 + 195*r + 31. Determine c(49).
-18
Let s(b) = -5*b**3 + 27*b**2 + 21*b - 86. Determine s(6).
-68
Let s(n) = n**3 - 27*n**2 + 104*n - 28. Give s(22).
-160
Let y(o) = o**3 - 37*o**2 - 37*o - 18. Determine y(38).
20
Let b(k) = 25*k**3 + 4*k**2 + 8*k + 4. What is b(-1)?
-25
Let n(y) = -y**3 - 34*y**2 + 18*y - 96. Calculate n(-35).
499
Let t(l) = 855*l - 34204. Calculate t(40).
-4
Let x(s) = 132*s + 23898. Calculate x(-181).
6
Let u(l) = -18*l**2 - 135*l + 137. Determine u(1).
-16
Let h(b) = 2*b**2 + 47*b + 85. What is h(-19)?
-86
Let y(m) = -2*m**2 - 120*m - 812. Calculate y(-52).
20
Let q(r) = 213*r**2 + r - 1. Calculate q(1).
213
Let s(j) = 3*j**2 + 36*j + 35. Determine s(-11).
2
Let c(s) = s**2 - 31*s - 4187. Give c(82).
-5
Let z(t) = 4*t**2 + 61*t - 65. Determine z(1).
0
Let h(w) = -75*w - 1327. Calculate h(-19).
98
Let o(h) = -57*h + 1643. Give o(28).
47
Let w(l) = -179*l - 12543. Calculate w(-70).
-13
Let i(y) = 13*y**3 + 11*y**2 - y - 5. Calculate i(-2).
-63
Let p(y) = 10*y - 112. What is p(-15)?
-262
Let z(w) = w**3 - 10*w**2 - 33*w - 71. Give z(13).
7
Let f(q) = -71*q**2 + 146*q. Calculate f(2).
8
Let r(b) = 32*b**2 + 389*b + 91. Determine r(-12).
31
Let w(l) = -l**3 + 36*l**2 - 173*l - 142. Determine w(30).
68
Let j(l) = 201*l + 9844. Calculate j(-49).
-5
Let j(c) = c**3 + 74*c**2 - 76*c - 67. Give j(-75).
8
Let z(h) = 5*h**3 + 145*h**2 + 772*h + 52. Determine z(-22).
8
Let w(o) = 4*o**2 - 14*o + 115. Determine w(6).
175
Let t(p) = -p**3 - 170*p**2 - 345*p - 1449. Calculate t(-168).
63
Let m(s)